*c + 2. Let h be (2 + (-10)/6)*9. Suppose h = 2*k + 5. Let l = k - 3. What is a(l)?
-10
Let y(k) be the first derivative of -k**2 + k + 7. Let q be y(-1). Let i be q/2 + 12/8. Let w(x) = -x**3 + 2*x**2 + 3*x + 2. Calculate w(i).
2
Let h(u) = u**2 - u - 2. Suppose 0*j - 8 = -j. Let l be (10 + -13)/((-6)/j). Suppose -3*a + l*q = -12, -a - 2*q - 11 = -5. Determine h(a).
-2
Suppose 12 = -0*u + 3*u, 0 = -3*s + 5*u + 295. Let r = -105 + s. Let c(a) = 3 + 2*a**2 - 5*a**2 + 4*a**2. What is c(r)?
3
Suppose -11 = 2*d - 21. Suppose -d*g + 33 = -2*g. Suppose -2*i - 2*a - g = 3*i, -3*i = -a. Let f(h) = 11*h - 1. Give f(i).
-12
Let k(h) = 7*h**3 + 2*h**2 + 6*h + 4. Let w(l) = -6*l**3 - l**2 - 5*l - 3. Let v(s) = -5*k(s) - 6*w(s). Determine v(4).
-2
Let n(b) = 11*b**3 + 20*b**2 - 7*b + 14. Let q(z) = 2*z**3 + z**2 + z. Let m(s) = n(s) - 6*q(s). Calculate m(13).
14
Let y(i) be the first derivative of -i**3/3 + 5*i**2/2 - 7*i + 31. Suppose 2*s + 5*h - 23 = -0*h, 0 = 5*h - 15. Let r = 9 - s. Give y(r).
-7
Let c(x) be the first derivative of x**6/90 - x**4/24 - 16*x**3/3 + 7. Let m(s) be the third derivative of c(s). Suppose 6*p = 4*p - 2. Calculate m(p).
3
Let w be (11/((-33)/10))/(4/6). Let d(u) = u**3 + 6*u**2 + 7*u + 2. What is d(w)?
-8
Let o(y) be the third derivative of -y**6/120 + y**5/12 + y**4/6 + y**3 - 78*y**2. What is o(6)?
-6
Suppose 0 = 5*w - 22 + 2. Suppose -21 - 24 = w*n + 5*p, 0 = 3*n + 3*p + 30. Let q(u) = 2*u + 3. Calculate q(n).
-7
Let m(t) be the third derivative of -t**4/24 + 2*t**3/3 + 133*t**2. Calculate m(0).
4
Suppose -112*v + 140*v = -168. Let t(r) = 4*r + 18. Give t(v).
-6
Let w = -86 - -101. Let u(n) = -w*n - 3*n**2 + n**3 - 7 + 17*n + 8. Determine u(3).
7
Suppose 0 = -4*c + w - 30, 5*c - 4*w + 41 = -w. Let d(u) = u - 2. What is d(c)?
-9
Let m(d) = d**2 + 8*d - 2. Let r be m(-9). Suppose r - 1 = 3*h. Let k(c) = -2*c**3 - c**2 + 3*c - 1. What is k(h)?
-15
Let a(u) = 30 - 9 - 6*u - 8 - 11. Let d(l) = -2*l - 4. Let q be d(-3). What is a(q)?
-10
Suppose -y - 3 = 4*t + 4, -5*y - 12 = -3*t. Let k(q) = -4*q. Calculate k(y).
12
Let a(x) = -x**2 + 2*x + 4. Let l be a(2). Let m(c) = -c**2 - 2*c**2 - 5 - 5*c**3 + l*c**3 + 4. What is m(-2)?
-5
Let y(v) = -9 + 10 + 1371*v + v**2 - 1376*v. Let i(r) = -3*r - 4. Let c be i(-3). Calculate y(c).
1
Let k(u) = 3*u. Let j(t) = -15*t**3 - t**2. Let h be j(1). Let q = 18 + h. Calculate k(q).
6
Suppose 0 = -31*k + 35*k - 560. Let g be -2*(k/(-8))/(-7). Let d(a) = a**3 + 5*a**2 + 3*a + 1. What is d(g)?
-14
Let z(o) = o**3 + 11*o**2 - 2*o - 19. Let n be z(-11). Let c(i) = i**2 - 3 + 3*i**3 - 4*i**n + 4*i**2 - 2*i + 0*i**2. Calculate c(4).
5
Let a(s) be the third derivative of 7*s**5/60 + 7*s**4/24 + s**3 + 3*s**2 + 1. Let d(i) = 7*i**2 + 6*i + 5. Let u(m) = -6*a(m) + 7*d(m). Determine u(1).
6
Let v(z) be the first derivative of 3 + z**3 + 1/24*z**4 + 0*z - 4*z**2. Let n(i) be the second derivative of v(i). What is n(0)?
6
Let b(g) = -5*g - 1. Suppose 11*z = 55 - 44. Calculate b(z).
-6
Let a(b) = -b - 12. Suppose 61 = -4*r - 5*y, -8*r + 14 = -9*r - y. Give a(r).
-3
Let i(x) = x**3 + 8*x**2 - 5*x - 2. Let l(n) = n + 1. Let t(w) = -i(w) + 5*l(w). Determine t(-9).
-2
Let c be 5/(-25) + 1/5. Suppose o + 5 = -v, -2*o + 3*v + c*v + 15 = 0. Let x = o - -4. Let n(g) = 2*g - 5. Give n(x).
3
Suppose 0 = 66*z - 2*z + 256. Let i(x) = -4*x**2 - 4. Calculate i(z).
-68
Let j be (-13 + 22 + -11)*11/2. Let q(m) = -m**3 - 9*m**2 + 24*m + 14. Determine q(j).
-8
Let z = 20 + -38. Suppose 3*b - 6*b = -72. Let r = z + b. Let j(v) = -v + 1. Determine j(r).
-5
Let p(d) = 124*d - 30. Let l(v) = -52*v + 12. Let h(w) = 12*l(w) + 5*p(w). Give h(3).
-18
Suppose -5*b + 54 + 16 = 2*z, 2*z + 14 = b. Let n(v) = -2*v + 32. What is n(b)?
4
Let b(h) = -3*h + 5. Let z(o) = 3*o - 100. Let i be z(35). Determine b(i).
-10
Let g = 14 - 9. Suppose 6 = m - 5*w, m - 2 = -3*w - 4. Let l(q) = 0*q - 7 + 6*q - 4*q + m. Give l(g).
4
Let j be (138/(-42) - -3) + 18/14. Let k(y) = 13*y**3 - y + 1. Give k(j).
13
Let g(f) = 1. Let x(i) = -i + 4. Let k(s) = 8*g(s) - x(s). Let z be ((-2)/1)/(-2) - 1. Determine k(z).
4
Let x(p) = p**2 + p - 7. Suppose 120 = -12*d + 60. What is x(d)?
13
Let k(o) = -13*o + 39. Let l be k(3). Let c(h) be the second derivative of 3*h**2 - 1/12*h**4 + l + h**3 + 2*h. Give c(6).
6
Let z(w) = w**2 + w. Suppose -5*t + 0 + 20 = 0. Suppose t*q = -4*m - 28, -5*q + 0*q = -m + 5. Give z(q).
2
Let y(s) = -s**2 - 5*s - 4. Let b(v) = -5*v + 2. Let j be b(-2). Let p = j + -17. Give y(p).
-4
Let w(z) = -3*z**3 + 2*z**2 + z + 1. Suppose -10*y - 152 = -182. Give w(y).
-59
Let p(q) = -q**2 + 7*q - 5. Suppose -4*k = -155 + 35. Let w = -24 + k. Calculate p(w).
1
Let r be (-7)/(-28) + (-9)/4. Let c be (-6)/r + 2 + -3. Suppose -10 = -5*a + 5*k, a = c*a - 2*k - 1. Let t(p) = -2*p + 1. Calculate t(a).
-5
Suppose -43*c + 208 = 61*c. Let h(d) be the second derivative of -d**4/6 + d**3/2 - 3*d**2/2 - d. Calculate h(c).
-5
Let b = 106 - 75. Suppose 4*h - 3*i = -17, -5*h + 4*i + 9 = b. Let x(p) = -21*p**2 - 4. Let n(l) = 17*l**2 + 3. Let q(c) = 5*n(c) + 4*x(c). Give q(h).
3
Let w be 1/(-1) - (-1 - 0). Let o(c) be the first derivative of -21 - 3*c - 1/2*c**2. What is o(w)?
-3
Let k(c) = c**3 - 9*c**2 - 16*c + 60. Let x be k(10). Let s(h) be the first derivative of h**2/2 - 3*h + 1. Determine s(x).
-3
Suppose 5*q - 72 = 17*q. Let h(n) = -n**3 - 7*n**2 - 8*n - 3. What is h(q)?
9
Let t be 1/(-3 - 5/((-20)/8)). Let g(i) = i + 4. Let o(y) = -y - 5. Let j(w) = 5*g(w) + 4*o(w). Determine j(t).
-1
Suppose -2*b + 4 = 3*d - d, 2*b + 10 = 0. Let t(x) = -x**2 + 8*x + 1. Give t(d).
8
Let p(q) = -1 + 2 + 4*q + q**2 + 4. Suppose -8*z + 70 = -22*z. What is p(z)?
10
Suppose -17*v = -6*v + 935. Let u = v + 89. Let h(c) = 4*c**3 - c**2 - c + 3. Let w(i) = -3*i**3 + i - 3. Let b(z) = -4*h(z) - 5*w(z). What is b(u)?
-1
Let r(f) be the second derivative of 31*f**5/20 - f**3/6 - f**2/2 + 7*f + 1. What is r(-1)?
-31
Let j = -2 - -3. Let h(m) = m + j + 0*m + 3*m - 3*m. Let r be -1 + 1 + (-2 - (-10 + 2)). Give h(r).
7
Let h(c) = -c. Suppose -150 = 16*t - 38. Give h(t).
7
Let k(j) be the second derivative of 0 - 11*j + j**2 - 1/12*j**4 + 7/6*j**3. Give k(4).
14
Let m(f) be the first derivative of 2*f**2 + 3*f + 119. Suppose -4*u = -4*c + 24, -2*u - 2*u - 16 = -2*c. Determine m(u).
-5
Let c(a) be the second derivative of a**3/6 - 2*a**2 - 10*a. What is c(9)?
5
Let n(a) = 15*a**2 + a + 1. Suppose 5*y = 3*v - 37, 0 = -2*y + 6 - 16. Let z = v + -1. Let b be ((-12)/(-18))/((-2)/z). Calculate n(b).
15
Let p(a) = -a**3 + 4*a**2 - 4*a + 6. Let j be p(3). Let y(v) = -32*v**3 - 35*v**3 + 66*v**j - 9 + 2*v + 6*v**2. Let m be 6 + -1*1 - -1. Calculate y(m).
3
Suppose 3*f - 212 + 35 = 0. Let r(g) = -3 + 0 - 60*g**2 + f*g**2 + 5. Determine r(3).
-7
Let t(r) = -4*r. Let j be (1 + 0)*(9 + -16). What is t(j)?
28
Let m(r) = r**3 - 3*r**2 - 4*r + 2. Suppose 0 = -5*x - 2*a + 10, -8*x - 4*a - 4 = -4*x. Calculate m(x).
2
Let v(j) = -j**2 - 7*j - 4. Let a(i) = -1 - 8*i + 8*i - 4 - i**3 - i**2. Let t be a(0). Let q be v(t). Let o(w) = w + 6. Calculate o(q).
12
Let g(l) = -l**2 - 2856 - l**3 - l + 2*l**3 + 2855. Determine g(-1).
-2
Let q(u) = 4*u + 1. Let h(v) = 21*v + 13. Let n(p) = -h(p) + 5*q(p). Calculate n(-7).
-1
Let p(q) = 6*q**2 + 2*q - 5. Let t(n) = 5*n**2 + 3*n - 4. Let f(z) = -11*z + 60. Let d be f(6). Let s(a) = d*p(a) + 7*t(a). Calculate s(10).
-8
Let k(z) = -100*z**3 - z**2 + 2 + 101*z**3 - 4*z**2. Let s be (-16)/(-12)*(-6)/(-4). What is k(s)?
-10
Let s(c) = 11*c**2 - 3*c + 1. Let h(q) = -11*q**2 + 4*q - 1. Let z(y) = -5*h(y) - 6*s(y). Give z(-1).
-10
Let u = 1278 + -1286. Let z(g) = g + 6. Give z(u).
-2
Let m(s) = 5*s - 10 + 1412*s**2 - 1413*s**2 + 19. What is m(7)?
-5
Let a(o) = -3*o**2 + 2*o - 3. Suppose 0*h = 4*h - 4*b - 12, 3*b + 1 = -h. Determine a(h).
-11
Let q(h) = h**3 + 6*h**2 + 5*h - 2. Let v be q(-5). Let z(i) = 58*i**3 - i**2 - i. Let a(y) = 289*y**3 - 6*y**2 - 3*y - 1. Let c(u) = -a(u) + 5*z(u). Give c(v).
1
Let j(n) = -9*n**2 - n + 1. Let d(c) = c**2 - c - 1. Let l be d(2). Let y be 12*((-4)/(-8) - l). Let x be (-8)/12 + (-10)/y. Give j(x).
-9
Suppose -23*i + 28*i - 10 = 0. Let l(g) be the second derivative of -g - 2*g**i + 1/3*g**3 + 0. Calculate l(3).
2
Let i(q) = -q**3 - 4*q**2 + 